{"id":1878,"date":"2025-04-13T19:14:20","date_gmt":"2025-04-13T17:14:20","guid":{"rendered":"https:\/\/imker-hinwil.ch\/?page_id=1878"},"modified":"2026-01-20T08:30:34","modified_gmt":"2026-01-20T07:30:34","slug":"ausbildung","status":"publish","type":"page","link":"https:\/\/imker-hinwil.ch\/?page_id=1878","title":{"rendered":"Ausbildung"},"content":{"rendered":"\n<p>Die Aus- und Weiterbildung von Imkerinnen und Imkern ist ein wichtiges Anliegen unseres Vereins.&nbsp;Bei Besuchen auf den Bienenst\u00e4nden von Vereinsmitgliedern werden w\u00e4hrend der Bienensaison aktuelle Themen aufgegriffen und neue Erkenntnisse aus der Praxis gezeigt. Ausserhalb der Saison wird an Imkerh\u00f6cks allgemeines Bienenwissen vermittelt.<\/p>\n\n\n\n<p>Die Haltung von Bienen ist ein faszinierendes und herausforderndes Hobby und erfordert eine fundierte Ausbildung.&nbsp;<a href=\"https:\/\/bienen.ch\/ueber-uns\/bienenschweiz\/\">BienenSchweiz<\/a>&nbsp;(Imkerverband der deutschen und r\u00e4toromanischen Schweiz) hat im Auftrag des Bundesamtes f\u00fcr Landwirtschaft ein Ausbildungskonzept zur Imkerschulung erarbeitet. Als Sektion von BienenSchweiz f\u00fchren wir mit ausgebildeten Kursleitenden Kurse durch. Unsere Kurse entsprechen dem Reglement und den Ausf\u00fchrungsbestimmungen von BienenSchweiz.<\/p>\n\n\n\n<p>Die Haltung von Bienen ist ein faszinierendes und herausforderndes Hobby und erfordert eine fundierte Ausbildung.&nbsp;<a href=\"https:\/\/bienen.ch\/ueber-uns\/bienenschweiz\/\">BienenSchweiz<\/a>&nbsp;(Imkerverband der deutschen und r\u00e4toromanischen Schweiz) hat im Auftrag des Bundesamtes f\u00fcr Landwirtschaft ein Ausbildungskonzept zur Imkerschulung erarbeitet. Als Sektion von BienenSchweiz f\u00fchren wir mit ausgebildeten Kursleitenden Kurse durch. Unsere Kurse entsprechen dem Reglement und den Ausf\u00fchrungsbestimmungen von BienenSchweiz.<\/p>\n\n\n\n<h3 class=\"wp-block-heading has-neve-text-color-color has-text-color has-link-color has-large-font-size wp-elements-6f0975902281e00b358aa4f551375c72\">Der <strong>Grundkurs<\/strong> ist leider ausgebucht <\/h3>\n\n\n\n<p>Es werden keine Anmeldungen mehr angenommen. Der n\u00e4chste Grundkurs in unserem Verein findet fr\u00fchestens im Jahr 2028 statt. Hier trotzdem noch die Angaben wie ein solcher Kurs in etwa stattfindet:<\/p>\n\n\n\n<p>Der Grundkurs f\u00fcr Neuimkerinnen dauert zwei Jahre und beinhaltet 18-20 Halbtage \u00e0 2-3h (Praxis) bzw. Abende (Theorie). Der Hauptfokus liegt auf den praktischen Arbeiten an den Bienenv\u00f6lkern.&nbsp;Das theoretische Fundament wird im Kurs behandelt, jedoch ist erg\u00e4nzendes Selbststudium Teil der Ausbildung.<\/p>\n\n\n\n<p>Ziel ist es, dass die Neuimkerinnen im Laufe der beiden Ausbildungsjahre eine gute imkerliche Praxis erwerben, sodass sie danach selbst\u00e4ndig ihre Bienenv\u00f6lker betreuen k\u00f6nnen.<\/p>\n\n\n\n<p>Kursdaten f\u00fcr die Theorie:&nbsp;Montags 23. Februar 2026, 16. M\u00e4rz 2026, 30. M\u00e4rz 2026, Mittwoch 19. August 2026<\/p>\n\n\n\n<p>Kursdaten f\u00fcr die Praxis: Samstags 11. April 2026, 9. Mai 2026, 30. Mai 2026, 20. Juni 2026, 4. Juli 2026, 26. September 2026<\/p>\n\n\n\n<p>Kursende:&nbsp;&nbsp;&nbsp;&nbsp;&nbsp;&nbsp;&nbsp;&nbsp;&nbsp;&nbsp;&nbsp;&nbsp;&nbsp;&nbsp;&nbsp;&nbsp;&nbsp;&nbsp;&nbsp;Herbst 2027, die Daten im zweiten Jahr sind noch nicht bekannt<\/p>\n\n\n\n<p>Kursleitung:&nbsp;&nbsp;&nbsp;&nbsp;&nbsp;&nbsp;&nbsp;&nbsp;&nbsp;&nbsp;&nbsp;&nbsp;&nbsp;&nbsp;&nbsp;&nbsp;Marc B\u00fchler, Stefan Eng und Marc Steiner<\/p>\n\n\n\n<p>Kosten&nbsp;&nbsp;&nbsp;&nbsp;&nbsp;&nbsp;&nbsp;&nbsp;&nbsp;&nbsp;&nbsp;&nbsp;&nbsp;&nbsp;&nbsp;&nbsp;&nbsp;&nbsp;&nbsp;&nbsp;&nbsp;&nbsp;&nbsp;&nbsp;CHF 1250 pro Person inklusive Unterlagen&nbsp;<\/p>\n\n\n\n<p>Die Ausbildungsunterlagen bestehen aus:<\/p>\n\n\n\n<ul class=\"wp-block-list\">\n<li>Schweizerisches Bienenbuch (5 B\u00e4nde)<\/li>\n\n\n\n<li>BienenSchweiz-Ausbildungsordner und Merkbl\u00e4tter<\/li>\n\n\n\n<li>Online Kursportal zum Selbststudium von Grundlagenwissen<\/li>\n\n\n\n<li>Schnupperabonnement der Schweizerischen Bienen-Zeitung im ersten Kursjahr<\/li>\n\n\n\n<li>Gutschein f\u00fcr die erste Betriebskontrolle f\u00fcr das Honig-Qualit\u00e4tssiegel apisuisse<\/li>\n\n\n\n<li>Kursausweis und Diplom<\/li>\n<\/ul>\n\n\n\n<p>Zielgruppe: Der Grundkurs richtet sich an Personen, welche ernsthaft beabsichtigen, im Verlauf des Grundkurses eigene Bienenv\u00f6lker zu betreuen (oder dies bereits tun).&nbsp;<\/p>\n\n\n\n<h2 class=\"wp-block-heading\">Weiterbildungen<\/h2>\n\n\n\n<h3 class=\"wp-block-heading\"><strong>Imkerh\u00f6cks<\/strong><\/h3>\n\n\n\n<p>Im Winterhalbjahr finden regelm\u00e4ssig  Vortr\u00e4ge mit wichtigen Themen statt.<\/p>\n\n\n\n<p>Aktuelle Daten unter <a href=\"https:\/\/imker-hinwil.ch\/\" data-type=\"page\" data-id=\"5\">Startseite<\/a><\/p>\n\n\n\n<h3 class=\"wp-block-heading\"><strong>Standbesuche<\/strong><\/h3>\n\n\n\n<p>Im Sommerhalbjahr besuchen wir verschiedene Imker aus dem Verein bei ihren Bienen zum fachlichen Austausch. <\/p>\n\n\n\n<p>Aktuelle Daten unter <a href=\"https:\/\/imker-hinwil.ch\/\" data-type=\"page\" data-id=\"5\">Startseite<\/a><\/p>\n","protected":false},"excerpt":{"rendered":"<p>Die Aus- und Weiterbildung von Imkerinnen und Imkern ist ein wichtiges Anliegen unseres Vereins.&nbsp;Bei Besuchen auf den Bienenst\u00e4nden von Vereinsmitgliedern werden w\u00e4hrend der Bienensaison aktuelle Themen aufgegriffen und neue Erkenntnisse aus der Praxis gezeigt. Ausserhalb der Saison wird an Imkerh\u00f6cks allgemeines Bienenwissen vermittelt. Die Haltung von Bienen ist ein faszinierendes und herausforderndes Hobby und erfordert&hellip;&nbsp;<a href=\"https:\/\/imker-hinwil.ch\/?page_id=1878\" rel=\"bookmark\">Weiterlesen &raquo;<span class=\"screen-reader-text\">Ausbildung<\/span><\/a><\/p>\n","protected":false},"author":7,"featured_media":0,"parent":0,"menu_order":0,"comment_status":"closed","ping_status":"closed","template":"","meta":{"neve_meta_sidebar":"","neve_meta_container":"","neve_meta_enable_content_width":"","neve_meta_content_width":0,"neve_meta_title_alignment":"","neve_meta_author_avatar":"","neve_post_elements_order":"","neve_meta_disable_header":"","neve_meta_disable_footer":"","neve_meta_disable_title":"","footnotes":""},"class_list":["post-1878","page","type-page","status-publish","hentry"],"_links":{"self":[{"href":"https:\/\/imker-hinwil.ch\/index.php?rest_route=\/wp\/v2\/pages\/1878","targetHints":{"allow":["GET"]}}],"collection":[{"href":"https:\/\/imker-hinwil.ch\/index.php?rest_route=\/wp\/v2\/pages"}],"about":[{"href":"https:\/\/imker-hinwil.ch\/index.php?rest_route=\/wp\/v2\/types\/page"}],"author":[{"embeddable":true,"href":"https:\/\/imker-hinwil.ch\/index.php?rest_route=\/wp\/v2\/users\/7"}],"replies":[{"embeddable":true,"href":"https:\/\/imker-hinwil.ch\/index.php?rest_route=%2Fwp%2Fv2%2Fcomments&post=1878"}],"version-history":[{"count":14,"href":"https:\/\/imker-hinwil.ch\/index.php?rest_route=\/wp\/v2\/pages\/1878\/revisions"}],"predecessor-version":[{"id":2077,"href":"https:\/\/imker-hinwil.ch\/index.php?rest_route=\/wp\/v2\/pages\/1878\/revisions\/2077"}],"wp:attachment":[{"href":"https:\/\/imker-hinwil.ch\/index.php?rest_route=%2Fwp%2Fv2%2Fmedia&parent=1878"}],"curies":[{"name":"wp","href":"https:\/\/api.w.org\/{rel}","templated":true}]}}